3 a factor of 12642615?
True
Does 111 divide 8140518?
True
Does 514 divide 4465647?
False
Does 6 divide 11363250?
True
Is 7 a factor of 2508616135?
False
Is 6927 a factor of 133379385?
True
Is 2029867 a multiple of 2?
False
Is 18 a factor of 25605037?
False
Is 567 a factor of 39277485?
False
Is 36 a factor of 1028520?
True
Does 69 divide 140887727?
False
Is 153786724 a multiple of 182?
True
Does 2110 divide 78563740?
True
Is 2878 a factor of 417633076?
False
Is 1448424549 a multiple of 1287?
True
Is 84 a factor of 19516922?
False
Is 165409213 a multiple of 7?
False
Is 10 a factor of 97283000?
True
Does 44 divide 21639345?
False
Is 274 a factor of 4267276?
True
Is 5242672352 a multiple of 16?
True
Is 9714817 a multiple of 1627?
True
Is 109 a factor of 31529266?
False
Is 172 a factor of 1169926666?
False
Is 1212475 a multiple of 275?
True
Is 47681112 a multiple of 24?
True
Does 2479 divide 494835669?
True
Is 683229904 a multiple of 574?
True
Does 71 divide 60402114?
True
Is 7 a factor of 161970756?
False
Is 23 a factor of 148905933?
True
Does 358 divide 555833379?
False
Does 50 divide 8686957?
False
Is 8245 a factor of 1034910534?
False
Does 133 divide 187893265?
False
Is 24554322 a multiple of 26?
True
Is 442 a factor of 77243862?
False
Does 552 divide 2606141366?
False
Is 5 a factor of 554096005?
True
Is 10 a factor of 291806094?
False
Is 1801374179 a multiple of 741?
False
Is 18977126 a multiple of 3?
False
Is 577 a factor of 95748534?
True
Is 30462476 a multiple of 31?
False
Is 7 a factor of 58643753?
True
Does 154 divide 54495240?
False
Does 44 divide 94975980?
True
Does 3 divide 9624309?
True
Is 209214291 a multiple of 79?
False
Is 13 a factor of 1799020312?
False
Does 4 divide 456703516?
True
Is 71318967 a multiple of 267?
False
Does 2261 divide 433316128?
True
Does 13 divide 576696458?
True
Does 11 divide 489292650?
True
Does 469 divide 1739199781?
False
Is 19718672 a multiple of 76?
False
Is 227078292 a multiple of 793?
False
Does 63 divide 1076083098?
False
Does 320 divide 1459840?
True
Is 47008885 a multiple of 68?
False
Is 913552674 a multiple of 283?
False
Is 18455760 a multiple of 5?
True
Does 344 divide 40450616?
True
Is 1071 a factor of 84802300?
False
Is 163886951 a multiple of 2147?
True
Does 705 divide 147880605?
False
Is 982626419 a multiple of 157?
True
Is 74177957 a multiple of 92?
False
Is 97491735 a multiple of 27?
True
Does 121 divide 739215626?
False
Is 2408 a factor of 1133604528?
True
Is 716 a factor of 123495536?
False
Does 417 divide 1635366831?
True
Does 695 divide 20935485?
True
Does 129 divide 1513675587?
False
Is 20 a factor of 16293580?
True
Does 23 divide 3014379423?
False
Is 730189374 a multiple of 2085?
False
Is 200 a factor of 14295844?
False
Is 32 a factor of 1067287776?
True
Is 323005631 a multiple of 5?
False
Does 3927 divide 574488684?
True
Is 17 a factor of 75297782?
False
Is 13476399 a multiple of 167?
True
Is 6 a factor of 10403375?
False
Does 116 divide 46470828?
False
Is 167888 a multiple of 14?
True
Is 1213 a factor of 2338317082?
True
Is 803453608 a multiple of 1945?
False
Does 97 divide 89386955?
True
Does 459 divide 41272417?
False
Is 37 a factor of 184493285?
True
Is 169 a factor of 47040812?
True
Is 19211891 even?
False
Is 1838454927 a multiple of 163?
False
Does 36 divide 2241810756?
True
Is 25 a factor of 52068000?
True
Is 226 a factor of 1306277966?
True
Is 12324460 a multiple of 16?
False
Is 42467722 a multiple of 6?
False
Does 1681 divide 43858971?
True
Is 19028866 a multiple of 499?
True
Does 2699 divide 42178091?
False
Is 405406398 a multiple of 635?
False
Is 728516574 a multiple of 1202?
True
Is 613539272 a multiple of 15?
False
Is 2 a factor of 10029604?
True
Is 31752327 a multiple of 3493?
False
Is 40 a factor of 79837079?
False
Does 23 divide 11330559?
True
Is 1191600462 a multiple of 10?
False
Is 60926572 a multiple of 28?
True
Is 16 a factor of 83195388?
False
Does 19 divide 209593334?
False
Is 469 a factor of 214436649?
True
Does 35 divide 870730?
True
Is 337352046 a multiple of 10?
False
Is 2134 a factor of 38096168?
True
Is 34 a factor of 80290936?
False
Is 1559 a factor of 21442308?
False
Is 42897619 a multiple of 122?
False
Is 53 a factor of 149294096?
False
Is 3576096 a multiple of 2?
True
Is 50 a factor of 185569650?
True
Is 2747 a factor of 164256489?
False
Is 440 a factor of 428034200?
True
Is 6494916 a multiple of 10?
False
Is 4 a factor of 365890294?
False
Is 564960 a multiple of 165?
True
Is 33858570 a multiple of 114?
True
Is 1838289 a multiple of 2?
False
Is 140521216 a multiple of 2872?
True
Does 189 divide 356929902?
True
Is 26489337 a multiple of 24?
False
Is 773 a factor of 177756761?
True
Is 113179696 a multiple of 1442?
True
Is 370018950 a multiple of 70?
True
Does 38 divide 516453098?
True
Is 64423768 a multiple of 8?
True
Does 7 divide 528885693?
True
Is 616 a factor of 35485296?
True
Is 48 a factor of 7744896?
True
Is 5076 a factor of 80738856?
True
Does 19 divide 1034728790?
True
Is 42 a factor of 3593023?
False
Does 63 divide 64030176?
True
Is 1044 a factor of 50345850?
False
Is 11072439 a multiple of 63?
True
Is 1758033074 a multiple of 98?
True
Is 130270481 a multiple of 14?
False
Is 39 a factor of 121783974?
True
Is 231 a factor of 469942588?
False
Does 174 divide 96480912?
True
Is 7188427302 a multiple of 769?
False
Is 172776384 a multiple of 484?
True
Does 182 divide 46407599?
False
Does 15 divide 106622288?
False
Is 18 a factor of 270810?
True
Is 1938 a factor of 35149506?
True
Is 65 a factor of 39831935?
True
Is 2105 a factor of 40813845?
True
Is 10 a factor of 1411689450?
True
Is 178549040 a multiple of 12?
False
Is 1931 a factor of 127467041?
False
Does 38 divide 76163856?
True
Does 53 divide 1051025648?
False
Is 358097945 a multiple of 10?
False
Is 134389120 a multiple of 128?
True
Does 18 divide 1389845323?
False
Does 481 divide 505691654?
True
Is 21798878 a multiple of 91?
False
Is 1628445932 a multiple of 689?
False
Does 466 divide 599890216?
False
Does 115 divide 235941475?
True
Is 15 a factor of 4101042699?
False
Does 2 divide 1052143?
False
Is 1583621468 a multiple of 22?
True
Is 12 a factor of 255554100?
True
Is 34617321 a multiple of 1431?
True
Is 574 a factor of 45599396?
False
Does 6 divide 4436559?
False
Is 3591 a factor of 49883674?
False
Is 25 a factor of 12339657?
False
Is 4 a factor of 754257582?
False
Does 83 divide 15619770?
True
Does 2579 divide 387140378?
False
Does 53 divide 600424969?
True
Is 12231 a factor of 1050602276?
False
Is 2 a factor of 5983855?
False
Does 41 divide 85303111?
False
Is 445758726 a multiple of 742?
True
Is 3 a factor of 30841772?
False
Is 22 a factor of 18964242?
True
Is 20 a factor of 239120420?
True
Is 170455950 a multiple of 21?
True
Is 63 a factor of 31210944?
False
Does 347 divide 5465184?
False
Does 37 divide 18368909?
True
Is 587 a factor of 381601656?
True
Is 75651910 a multiple of 52?
False
Is 11350562 a multiple of 134?
False
Is 353699136 a multiple of 1216?
True
Does 23 divide 711698522?
True
Does 174 divide 298043556?
True
Does 47 divide 303124444?
False
Does 277 divide 1649461041?
True
Is 1164 a factor of 206985327?
False
Is 831617643 a multiple of 435?
False
Does 44 divide 3488821336?
True
Is 86899097 a multiple of 84?
False
Does 509 divide 102368828?
False
Does 32 divide 3303069475?
False
Does 14 divide 17439493?
False
Is 1004945691 a multiple of 7?
False
Does 71 divide 323591343?
False
Does 675 divide 94767389?
False
Is 177912932 a multiple of 501?
False
Is 14223845 a multiple of 24?
False
Is 83 a factor of 67955292?
False
Does 67 divide 2796014654?
True
Does 3779 divide 106551110?
False
Is 21 a factor of 501471135?
False
Is 311 a factor of 18098023?
True
Is 498613370 a multiple of 172?
False
Does 220 divide 20845440?
True
Does 23 divide 22741715?
False
Does 33 divide 4669594?
False
Is 1732188610 a multiple of 5766?
False
Is 250624454 a multiple of 148?
False
Does 29 divide 2794208?
True
Is 4336 a factor of 1015291744?
True
Is 1148320216 a multiple of 25?
False
Is 1489 a factor of 37281773?
False
Is 4811639 a multiple of 63?
False
Is 93433356 a multiple of 58?
False
Is 219227904 a multiple of 1792?
True
Does 393 divide 7669395?
True
Is 2505673716 a multiple of 19?
True
Is 563 a fac